{"id":548,"date":"2017-11-01T17:06:09","date_gmt":"2017-11-01T16:06:09","guid":{"rendered":"http:\/\/turnaround.cz\/restrukturalizacni-forum-2017\/?page_id=548"},"modified":"2017-11-01T17:06:09","modified_gmt":"2017-11-01T16:06:09","slug":"podekovani","status":"publish","type":"page","link":"https:\/\/turnaround.cz\/restrukturalizacni-forum-2017\/podekovani\/","title":{"rendered":"Pod\u011bkov\u00e1n\u00ed"},"content":{"rendered":"<p>D\u011bkujeme v\u0161em \u00fa\u010dastn\u00edk\u016fm a partner\u016fm 6. ro\u010dn\u00edku konference Restrukturaliza\u010dn\u00ed f\u00f3rum roku 2017, kter\u00e1 se uskute\u010dnila 31. \u0159\u00edjna 2017 v prostor\u00e1ch \u010cesk\u00e9 n\u00e1rodn\u00ed banky.<\/p>\n<p>T\u011b\u0161\u00ed n\u00e1s, \u017ee je o konferenci rok od roku v\u011bt\u0161\u00ed z\u00e1jem. Letos se z\u00fa\u010dastnilo na 200 odborn\u00edk\u016f na restrukturalizace z \u0159ad bank\u00e9\u0159\u016f, pr\u00e1vn\u00edk\u016f, ekonomick\u00fdch poradc\u016f, insolven\u010dn\u00edch spr\u00e1vc\u016f a dal\u0161\u00edch zainteresovan\u00fdch stran.<\/p>\n<p>D\u00edky spolupr\u00e1ci TMA a Podnikohospod\u00e1\u0159sk\u00e9 fakulty Vysok\u00e9 \u0161koly ekonomick\u00e9 v Praze se konference z\u00fa\u010dastnila tak\u00e9 \u0159ada student\u016f vedlej\u0161\u00ed specializace Turnaround Management.<\/p>\n<p>Konferenci zah\u00e1jil viceguvern\u00e9r \u010cNB, Mojm\u00edr Hampl, kter\u00fd \u00fa\u010dastn\u00edk\u016fm p\u0159edal mo\u017en\u00fd alternativn\u00ed pohled na vstup cen nemovitost\u00ed do m\u011b\u0159en\u00ed inflace pomoc\u00ed CPI. Druh\u00fd blok s n\u00e1zvem Nenaplniteln\u00e1 o\u010dek\u00e1v\u00e1n\u00ed zah\u00e1jil Andreas Wieland, kter\u00fd \u00fa\u010dastn\u00edky sezn\u00e1mil s novou sm\u011brnic\u00ed Evropsk\u00e9 centr\u00e1ln\u00ed banky &#8211; Guidance on non-performing loans. N\u00e1sledn\u00e1 diskuse panelist\u016f (regul\u00e1tor, banka, dlu\u017en\u00edk\/poradce) odhalila mnohdy velice odli\u0161n\u00e1 o\u010dek\u00e1v\u00e1n\u00ed dan\u00e9 strany.<\/p>\n<p>\u00da\u010dastn\u00edci si ka\u017ed\u00fd rok \u017e\u00e1daj\u00ed v\u00edce p\u0159\u00edklad\u016f z praxe, proto se velk\u00e1 \u010d\u00e1st leto\u0161n\u00edho setk\u00e1n\u00ed s podtitulem Restrukturalizace: vzestupy a p\u00e1dy zam\u011b\u0159ovala na konkr\u00e9tn\u00ed p\u0159\u00edklady restrukturalizac\u00ed. \u010clenov\u00e9 CAIM prezentovali t\u0159i odli\u0161n\u00e9 p\u0159\u00edpadov\u00e9 studie restrukturalizac\u00ed, na kter\u00fdch demonstrovali kl\u00ed\u010dov\u00e9 body ne\/\u00fasp\u011bchu.<\/p>\n<p>Po ob\u011bd\u011b n\u00e1sledovalo p\u0159edstaven\u00ed on-line <strong>Pr\u016fvodce insolvenc\u00ed obchodn\u00ed spole\u010dnosti<\/strong> &#8211; jednoduch\u00e9 webov\u00e9 prezentace, kter\u00e1 m\u00e1 za c\u00edl vysv\u011btlit v\u00fdznam z\u00e1kladn\u00edch koncept\u016f a pr\u00e1vn\u00edch pojm\u016f, s nimi\u017e se v korpora\u010dn\u00edch insolvenc\u00edch pracuje. Pr\u016fvodce je voln\u011b k dispozici na <a href=\"http:\/\/turnaround.cz\/pruvodce\/\" target=\"_blank\">http:\/\/turnaround.cz\/pruvodce\/<\/a>.<\/p>\n<p>N\u00e1sleduj\u00edc\u00ed p\u0159\u00edpadov\u00e1 studie se v\u011bnovala spole\u010dnosti Motorpal, kter\u00e1 si s sebou nese prvenstv\u00ed p\u0159edbalen\u00e9 restrukturalizace. Jako v mnoha restrukturalizac\u00edch i zde byla kl\u00ed\u010dov\u00e1 role insolven\u010dn\u00edho spr\u00e1vce, kter\u00fd pomohl \u00fasp\u011b\u0161n\u00e9mu vyjedn\u00e1v\u00e1n\u00ed mezi dlu\u017en\u00edkem a v\u011b\u0159itelem &#8211; v tomto p\u0159\u00edpad\u011b s finan\u010dn\u00edm \u00fa\u0159adem.<\/p>\n<p>Odborn\u00e1 \u010d\u00e1st konference byla zakon\u010dena prezentac\u00ed zaj\u00edmav\u00fdch analytick\u00fdch dat o pou\u017eit\u00ed moratoria v praxi.<\/p>\n<p>Na z\u00e1v\u011br shrnul program konference Miroslav Singer, b\u00fdval\u00fd guvern\u00e9r \u010cNB, kter\u00fd byl k dispozici i po skon\u010den\u00ed programu, kdy n\u00e1sledovala autogrami\u00e1da \u010dlen\u016f TMA s prodejem knih pana Singera a pana Kar\u00e1ska.<\/p>\n","protected":false},"excerpt":{"rendered":"<p>D\u011bkujeme v\u0161em \u00fa\u010dastn\u00edk\u016fm a partner\u016fm 6. ro\u010dn\u00edku konference Restrukturaliza\u010dn\u00ed f\u00f3rum roku 2017, kter\u00e1 se uskute\u010dnila 31. \u0159\u00edjna 2017 v prostor\u00e1ch \u010cesk\u00e9 n\u00e1rodn\u00ed banky. T\u011b\u0161\u00ed n\u00e1s, \u017ee je o konferenci rok od roku v\u011bt\u0161\u00ed z\u00e1jem. Letos se z\u00fa\u010dastnilo na 200 odborn\u00edk\u016f na restrukturalizace z \u0159ad bank\u00e9\u0159\u016f, pr\u00e1vn\u00edk\u016f, ekonomick\u00fdch poradc\u016f, insolven\u010dn\u00edch spr\u00e1vc\u016f a dal\u0161\u00edch zainteresovan\u00fdch stran. D\u00edky&#8230;  <a class=\"excerpt-read-more\" href=\"https:\/\/turnaround.cz\/restrukturalizacni-forum-2017\/podekovani\/\" title=\"Read Pod\u011bkov\u00e1n\u00ed\">Read more &raquo;<\/a><\/p>\n","protected":false},"author":1,"featured_media":0,"parent":0,"menu_order":0,"comment_status":"closed","ping_status":"open","template":"","meta":{"ngg_post_thumbnail":0,"jetpack_post_was_ever_published":false,"footnotes":""},"class_list":["post-548","page","type-page","status-publish","hentry"],"acf":[],"jetpack_sharing_enabled":false,"jetpack_shortlink":"https:\/\/wp.me\/P96O73-8Q","_links":{"self":[{"href":"https:\/\/turnaround.cz\/restrukturalizacni-forum-2017\/wp-json\/wp\/v2\/pages\/548","targetHints":{"allow":["GET"]}}],"collection":[{"href":"https:\/\/turnaround.cz\/restrukturalizacni-forum-2017\/wp-json\/wp\/v2\/pages"}],"about":[{"href":"https:\/\/turnaround.cz\/restrukturalizacni-forum-2017\/wp-json\/wp\/v2\/types\/page"}],"author":[{"embeddable":true,"href":"https:\/\/turnaround.cz\/restrukturalizacni-forum-2017\/wp-json\/wp\/v2\/users\/1"}],"replies":[{"embeddable":true,"href":"https:\/\/turnaround.cz\/restrukturalizacni-forum-2017\/wp-json\/wp\/v2\/comments?post=548"}],"version-history":[{"count":1,"href":"https:\/\/turnaround.cz\/restrukturalizacni-forum-2017\/wp-json\/wp\/v2\/pages\/548\/revisions"}],"predecessor-version":[{"id":549,"href":"https:\/\/turnaround.cz\/restrukturalizacni-forum-2017\/wp-json\/wp\/v2\/pages\/548\/revisions\/549"}],"wp:attachment":[{"href":"https:\/\/turnaround.cz\/restrukturalizacni-forum-2017\/wp-json\/wp\/v2\/media?parent=548"}],"curies":[{"name":"wp","href":"https:\/\/api.w.org\/{rel}","templated":true}]}}

Poděkování

<p>Děkujeme všem účastníkům a partnerům 6. ročníku konference Restrukturalizační fórum roku 2017, která se uskutečnila 31. října 2017 v prostorách České národní banky.</p>
<p>Těší nás, že je o konferenci rok od roku větší zájem. Letos se zúčastnilo na 200 odborníků na restrukturalizace z řad bankéřů, právníků, ekonomických poradců, insolvenčních správců a dalších zainteresovaných stran.</p>
<p>Díky spolupráci TMA a Podnikohospodářské fakulty Vysoké školy ekonomické v Praze se konference zúčastnila také řada studentů vedlejší specializace Turnaround Management.</p>
<p>Konferenci zahájil viceguvernér ČNB, Mojmír Hampl, který účastníkům předal možný alternativní pohled na vstup cen nemovitostí do měření inflace pomocí CPI. Druhý blok s názvem Nenaplnitelná očekávání zahájil Andreas Wieland, který účastníky seznámil s novou směrnicí Evropské centrální banky &#8211; Guidance on non-performing loans. Následná diskuse panelistů (regulátor, banka, dlužník/poradce) odhalila mnohdy velice odlišná očekávání dané strany.</p>
<p>Účastníci si každý rok žádají více příkladů z praxe, proto se velká část letošního setkání s podtitulem Restrukturalizace: vzestupy a pády zaměřovala na konkrétní příklady restrukturalizací. Členové CAIM prezentovali tři odlišné případové studie restrukturalizací, na kterých demonstrovali klíčové body ne/úspěchu.</p>
<p>Po obědě následovalo představení on-line <strong>Průvodce insolvencí obchodní společnosti</strong> &#8211; jednoduché webové prezentace, která má za cíl vysvětlit význam základních konceptů a právních pojmů, s nimiž se v korporačních insolvencích pracuje. Průvodce je volně k dispozici na <a href="http://turnaround.cz/pruvodce/" target="_blank">http://turnaround.cz/pruvodce/</a>.</p>
<p>Následující případová studie se věnovala společnosti Motorpal, která si s sebou nese prvenství předbalené restrukturalizace. Jako v mnoha restrukturalizacích i zde byla klíčová role insolvenčního správce, který pomohl úspěšnému vyjednávání mezi dlužníkem a věřitelem &#8211; v tomto případě s finančním úřadem.</p>
<p>Odborná část konference byla zakončena prezentací zajímavých analytických dat o použití moratoria v praxi.</p>
<p>Na závěr shrnul program konference Miroslav Singer, bývalý guvernér ČNB, který byl k dispozici i po skončení programu, kdy následovala autogramiáda členů TMA s prodejem knih pana Singera a pana Karáska.</p>

<p>Děkujeme všem účastníkům a partnerům 6. ročníku konference Restrukturalizační fórum roku 2017, která se uskutečnila 31. října 2017 v prostorách České národní banky. Těší nás, že je o konferenci rok od roku větší zájem. Letos se zúčastnilo na 200 odborníků na restrukturalizace z řad bankéřů, právníků, ekonomických poradců, insolvenčních správců a dalších zainteresovaných stran. Díky&#8230;  <a class="excerpt-read-more" href="https://turnaround.cz/restrukturalizacni-forum-2017/podekovani/" title="Read Poděkování">Read more &raquo;</a></p>
