{"id":8,"date":"2016-09-12T20:15:20","date_gmt":"2016-09-12T19:15:20","guid":{"rendered":"http:\/\/turnaround.cz\/restrukturalizacni-forum-2017\/?page_id=8"},"modified":"2017-11-01T17:29:21","modified_gmt":"2017-11-01T16:29:21","slug":"program","status":"publish","type":"page","link":"https:\/\/turnaround.cz\/restrukturalizacni-forum-2017\/program\/","title":{"rendered":"Program"},"content":{"rendered":"<table class=\"program\" style=\"height: 1268px;\" width=\"683\">\n<thead>\n<tr>\n<th width=\"120\">\u010cas<\/th>\n<th>Program<\/th>\n<\/tr>\n<\/thead>\n<tbody>\n<tr>\n<td>8:30 &#8211; 9:00<\/td>\n<td>Registrace \u00fa\u010dastn\u00edk\u016f, sn\u00eddan\u011b<\/td>\n<\/tr>\n<tr>\n<td>9:00 &#8211; 9:05<\/td>\n<td><strong>\u00davod a p\u0159edstaven\u00ed Turnaround Management Association<\/strong><br \/>\n<a href=\"http:\/\/turnaround.cz\/restrukturalizacni-forum-2017\/prednasejici\/#smutny\">Petr Smutn\u00fd<\/a> \u2013 p\u0159edseda TMA<br \/>\n<a href=\"http:\/\/turnaround.cz\/restrukturalizacni-forum-2017\/prednasejici\/#plch\">David Plch<\/a> \u2013 m\u00edstop\u0159edseda TMA<\/td>\n<\/tr>\n<tr>\n<td>9:05 \u2013 9:30<\/td>\n<td><strong><strong>Ceny <\/strong><\/strong><strong>reziden\u010dn\u00edch nemovitost\u00ed v \u010cR a spot\u0159ebitelsk\u00e1 inflace<br \/>\n<\/strong><em>Probl\u00e9m a mo\u017en\u00e9 \u0159e\u0161en\u00ed<\/em><br \/>\n<a href=\"http:\/\/turnaround.cz\/restrukturalizacni-forum-2017\/prednasejici\/#hampl\">Mojm\u00edr Hampl<\/a> (viceguvern\u00e9r \u010cNB) <a href=\"http:\/\/turnaround.cz\/restrukturalizacni-forum-2017\/wp-content\/uploads\/sites\/6\/2016\/09\/1_Ceny_nemovitosti_a_mereni_inflace.pdf\">prezentace<\/a><\/td>\n<\/tr>\n<tr>\n<td>9:30 &#8211; 10:30<\/td>\n<td><strong><strong>Restrukturalizace: Nenaplniteln\u00e1 o\u010dek\u00e1v\u00e1n\u00ed<br \/>\n<\/strong><\/strong>\u00davod do t\u00e9matu: Andreas Wieland (White &amp; Case N\u011bmecko) <a href=\"http:\/\/turnaround.cz\/restrukturalizacni-forum-2017\/wp-content\/uploads\/sites\/6\/2016\/09\/2_1_ECB_Guidance_on_NPLs_and_Lev._Lending.pdf\">prezentace<\/a><\/p>\n<p>Panelov\u00e1 diskuze:<br \/>\nDaniel H\u0159\u00edbal (Tarpan Managers, \u010dlen TMA)<br \/>\nJi\u0159\u00ed Klumpar (Raiffeisenbank, \u010dlen TMA)<br \/>\nLuk\u00e1\u0161 Mikeska (Silverline Capital, \u010dlen TMA)<br \/>\nModeruje Hana Mitkovov\u00e1 (\u010dlenka TMA) <a href=\"http:\/\/turnaround.cz\/restrukturalizacni-forum-2017\/wp-content\/uploads\/sites\/6\/2016\/09\/2_2_Nenaplnitelna_ocekavani.pdf\">prezentace<\/a><\/td>\n<\/tr>\n<tr>\n<td>10:30 &#8211; 11:00<\/td>\n<td>P\u0159est\u00e1vka<\/td>\n<\/tr>\n<tr>\n<td>11:00 \u2013 12:00<\/td>\n<td><strong>Pro\u010d to nedopadlo? Restrukturaliza\u010dn\u00ed Bakal\u00e1\u0159i<br \/>\n<\/strong>Daniel H\u0159\u00edbal (Tarpan Managers, \u010dlen TMA)<br \/>\nV\u00e1clav Korcan\u00a0(AD 1997) <a href=\"http:\/\/turnaround.cz\/restrukturalizacni-forum-2017\/wp-content\/uploads\/sites\/6\/2016\/09\/3_3_Restrukturalizacni_bakalari_Korcan.pdf\">prezentace<\/a><br \/>\nLadislav Nov\u00e1k (Interimbest) <a href=\"http:\/\/turnaround.cz\/restrukturalizacni-forum-2017\/wp-content\/uploads\/sites\/6\/2016\/09\/3_1_Restrukturalizacni_bakalari_Novak.pdf\">prezentace<\/a><br \/>\nJi\u0159\u00ed \u0160m\u00edd (Interim mana\u017eer) <a href=\"http:\/\/turnaround.cz\/restrukturalizacni-forum-2017\/wp-content\/uploads\/sites\/6\/2016\/09\/3_2_Restrukturalizacni_bakalari_Smid.pdf\">prezentace<\/a><br \/>\nModeruje <a href=\"http:\/\/turnaround.cz\/restrukturalizacni-forum-2017\/prednasejici\/#karasek\">Petr Kar\u00e1sek<\/a> (Ascalae, \u010dlen TMA)<\/td>\n<\/tr>\n<tr>\n<td>12:00 \u2013 13:30<\/td>\n<td>Ob\u011bd<\/td>\n<\/tr>\n<tr>\n<td>13:30 \u2013 13:45<\/td>\n<td><strong>P\u0159edstaven\u00ed pr\u016fvodce insolven\u010dn\u00edm \u0159\u00edzen\u00edm<\/strong><br \/>\n<a href=\"http:\/\/turnaround.cz\/restrukturalizacni-forum-2017\/prednasejici\/#richter\">Tom\u00e1\u0161 Richter<\/a> (Clifford Chance, \u010dlen TMA)<\/td>\n<\/tr>\n<tr>\n<td>13:45\u2013 14:45<\/td>\n<td><strong><strong>Case study: Restrukturalizace spole\u010dnosti Motorpal<br \/>\n<\/strong><\/strong>Daniel H\u0159\u00edbal (Tarpan Managers, \u010dlen TMA)<br \/>\nLee Louda (\u010dlen TMA)<br \/>\nJaroslav Sch\u00f6nfeld (\u010cesk\u00e1 spo\u0159itelna, \u010dlen TMA)<br \/>\nTom\u00e1\u0161 Sklen\u00e1\u0159 (\u010dlen TMA)<br \/>\nJi\u0159\u00ed Tomola (Dentons, \u010dlen TMA)Moderuje <a href=\"http:\/\/turnaround.cz\/restrukturalizacni-forum-2017\/prednasejici\/#plch\">David Plch<\/a>(White &amp; Case, m\u00edstop\u0159edseda TMA) <a href=\"http:\/\/turnaround.cz\/restrukturalizacni-forum-2017\/wp-content\/uploads\/sites\/6\/2016\/09\/5_Case_study_Motorpal.pdf\">prezentace<\/a><\/td>\n<\/tr>\n<tr>\n<td>14:45 \u2013 15:15<\/td>\n<td><strong>Pou\u017eit\u00ed p\u0159ed-insolven\u010dn\u00edho moratoria v\u00a0praxi<br \/>\n<\/strong>Radim Ba\u0161e (Deloitte, \u010dlen TMA)<br \/>\n<a href=\"http:\/\/turnaround.cz\/restrukturalizacni-forum-2017\/prednasejici\/#richter\">Tom\u00e1\u0161 Richter<\/a> (Clifford Chance, \u010dlen TMA)<br \/>\nJaroslav Sch\u00f6nfeld (\u010cesk\u00e1 spo\u0159itelna, \u010dlen TMA) <a href=\"http:\/\/turnaround.cz\/restrukturalizacni-forum-2017\/wp-content\/uploads\/sites\/6\/2016\/09\/6_Pouziti_moratoriua_v_praxi.pdf\">prezentace<\/a><\/td>\n<\/tr>\n<tr>\n<td>15:15 &#8211; 15:30<\/td>\n<td><strong>Z\u00e1v\u011bre\u010dn\u00e9 slovo<\/strong><br \/>\nMiroslav Singer (Generali CEE Holding, V\u0160E, \u010dlen TMA)<\/td>\n<\/tr>\n<tr>\n<td>15:30 \u2013 17:00<\/td>\n<td>P\u0159edstaven\u00ed knih \u010dlen\u016f TMA s n\u00e1slednou autogrami\u00e1dou<br \/>\nMiroslav Singer &#8211; Jak shodit kila a oslabit korunu<br \/>\nPetr Kar\u00e1sek &#8211; L\u00e9\u010den\u00ed firem v krizi<\/p>\n<p>Neform\u00e1ln\u00ed diskuze, sklenka v\u00edna<\/td>\n<\/tr>\n<\/tbody>\n<\/table>\n","protected":false},"excerpt":{"rendered":"<p>\u010cas Program 8:30 &#8211; 9:00 Registrace \u00fa\u010dastn\u00edk\u016f, sn\u00eddan\u011b 9:00 &#8211; 9:05 \u00davod a p\u0159edstaven\u00ed Turnaround Management Association Petr Smutn\u00fd \u2013 p\u0159edseda TMA David Plch \u2013 m\u00edstop\u0159edseda TMA 9:05 \u2013 9:30 Ceny reziden\u010dn\u00edch nemovitost\u00ed v \u010cR a spot\u0159ebitelsk\u00e1 inflace Probl\u00e9m a mo\u017en\u00e9 \u0159e\u0161en\u00ed Mojm\u00edr Hampl (viceguvern\u00e9r \u010cNB) prezentace 9:30 &#8211; 10:30 Restrukturalizace: Nenaplniteln\u00e1 o\u010dek\u00e1v\u00e1n\u00ed \u00davod do&#8230;  <a class=\"excerpt-read-more\" href=\"https:\/\/turnaround.cz\/restrukturalizacni-forum-2017\/program\/\" title=\"Read Program\">Read more &raquo;<\/a><\/p>\n","protected":false},"author":1,"featured_media":0,"parent":0,"menu_order":0,"comment_status":"closed","ping_status":"closed","template":"","meta":{"ngg_post_thumbnail":0,"jetpack_post_was_ever_published":false,"footnotes":""},"class_list":["post-8","page","type-page","status-publish","hentry"],"acf":[],"jetpack_sharing_enabled":true,"jetpack_shortlink":"https:\/\/wp.me\/P96O73-8","_links":{"self":[{"href":"https:\/\/turnaround.cz\/restrukturalizacni-forum-2017\/wp-json\/wp\/v2\/pages\/8","targetHints":{"allow":["GET"]}}],"collection":[{"href":"https:\/\/turnaround.cz\/restrukturalizacni-forum-2017\/wp-json\/wp\/v2\/pages"}],"about":[{"href":"https:\/\/turnaround.cz\/restrukturalizacni-forum-2017\/wp-json\/wp\/v2\/types\/page"}],"author":[{"embeddable":true,"href":"https:\/\/turnaround.cz\/restrukturalizacni-forum-2017\/wp-json\/wp\/v2\/users\/1"}],"replies":[{"embeddable":true,"href":"https:\/\/turnaround.cz\/restrukturalizacni-forum-2017\/wp-json\/wp\/v2\/comments?post=8"}],"version-history":[{"count":27,"href":"https:\/\/turnaround.cz\/restrukturalizacni-forum-2017\/wp-json\/wp\/v2\/pages\/8\/revisions"}],"predecessor-version":[{"id":562,"href":"https:\/\/turnaround.cz\/restrukturalizacni-forum-2017\/wp-json\/wp\/v2\/pages\/8\/revisions\/562"}],"wp:attachment":[{"href":"https:\/\/turnaround.cz\/restrukturalizacni-forum-2017\/wp-json\/wp\/v2\/media?parent=8"}],"curies":[{"name":"wp","href":"https:\/\/api.w.org\/{rel}","templated":true}]}}

<table class="program" style="height: 1268px;" width="683">
<thead>
<tr>
<th width="120">Čas</th>
<th>Program</th>
</tr>
</thead>
<tbody>
<tr>
<td>8:30 &#8211; 9:00</td>
<td>Registrace účastníků, snídaně</td>
</tr>
<tr>
<td>9:00 &#8211; 9:05</td>
<td><strong>Úvod a představení Turnaround Management Association</strong><br />
<a href="http://turnaround.cz/restrukturalizacni-forum-2017/prednasejici/#smutny">Petr Smutný</a> – předseda TMA<br />
<a href="http://turnaround.cz/restrukturalizacni-forum-2017/prednasejici/#plch">David Plch</a> – místopředseda TMA</td>
</tr>
<tr>
<td>9:05 – 9:30</td>
<td><strong><strong>Ceny </strong></strong><strong>rezidenčních nemovitostí v ČR a spotřebitelská inflace<br />
</strong><em>Problém a možné řešení</em><br />
<a href="http://turnaround.cz/restrukturalizacni-forum-2017/prednasejici/#hampl">Mojmír Hampl</a> (viceguvernér ČNB) <a href="http://turnaround.cz/restrukturalizacni-forum-2017/wp-content/uploads/sites/6/2016/09/1_Ceny_nemovitosti_a_mereni_inflace.pdf">prezentace</a></td>
</tr>
<tr>
<td>9:30 &#8211; 10:30</td>
<td><strong><strong>Restrukturalizace: Nenaplnitelná očekávání<br />
</strong></strong>Úvod do tématu: Andreas Wieland (White &amp; Case Německo) <a href="http://turnaround.cz/restrukturalizacni-forum-2017/wp-content/uploads/sites/6/2016/09/2_1_ECB_Guidance_on_NPLs_and_Lev._Lending.pdf">prezentace</a></p>
<p>Panelová diskuze:<br />
Daniel Hříbal (Tarpan Managers, člen TMA)<br />
Jiří Klumpar (Raiffeisenbank, člen TMA)<br />
Lukáš Mikeska (Silverline Capital, člen TMA)<br />
Moderuje Hana Mitkovová (členka TMA) <a href="http://turnaround.cz/restrukturalizacni-forum-2017/wp-content/uploads/sites/6/2016/09/2_2_Nenaplnitelna_ocekavani.pdf">prezentace</a></td>
</tr>
<tr>
<td>10:30 &#8211; 11:00</td>
<td>Přestávka</td>
</tr>
<tr>
<td>11:00 – 12:00</td>
<td><strong>Proč to nedopadlo? Restrukturalizační Bakaláři<br />
</strong>Daniel Hříbal (Tarpan Managers, člen TMA)<br />
Václav Korcan (AD 1997) <a href="http://turnaround.cz/restrukturalizacni-forum-2017/wp-content/uploads/sites/6/2016/09/3_3_Restrukturalizacni_bakalari_Korcan.pdf">prezentace</a><br />
Ladislav Novák (Interimbest) <a href="http://turnaround.cz/restrukturalizacni-forum-2017/wp-content/uploads/sites/6/2016/09/3_1_Restrukturalizacni_bakalari_Novak.pdf">prezentace</a><br />
Jiří Šmíd (Interim manažer) <a href="http://turnaround.cz/restrukturalizacni-forum-2017/wp-content/uploads/sites/6/2016/09/3_2_Restrukturalizacni_bakalari_Smid.pdf">prezentace</a><br />
Moderuje <a href="http://turnaround.cz/restrukturalizacni-forum-2017/prednasejici/#karasek">Petr Karásek</a> (Ascalae, člen TMA)</td>
</tr>
<tr>
<td>12:00 – 13:30</td>
<td>Oběd</td>
</tr>
<tr>
<td>13:30 – 13:45</td>
<td><strong>Představení průvodce insolvenčním řízením</strong><br />
<a href="http://turnaround.cz/restrukturalizacni-forum-2017/prednasejici/#richter">Tomáš Richter</a> (Clifford Chance, člen TMA)</td>
</tr>
<tr>
<td>13:45– 14:45</td>
<td><strong><strong>Case study: Restrukturalizace společnosti Motorpal<br />
</strong></strong>Daniel Hříbal (Tarpan Managers, člen TMA)<br />
Lee Louda (člen TMA)<br />
Jaroslav Schönfeld (Česká spořitelna, člen TMA)<br />
Tomáš Sklenář (člen TMA)<br />
Jiří Tomola (Dentons, člen TMA)Moderuje <a href="http://turnaround.cz/restrukturalizacni-forum-2017/prednasejici/#plch">David Plch</a>(White &amp; Case, místopředseda TMA) <a href="http://turnaround.cz/restrukturalizacni-forum-2017/wp-content/uploads/sites/6/2016/09/5_Case_study_Motorpal.pdf">prezentace</a></td>
</tr>
<tr>
<td>14:45 – 15:15</td>
<td><strong>Použití před-insolvenčního moratoria v praxi<br />
</strong>Radim Baše (Deloitte, člen TMA)<br />
<a href="http://turnaround.cz/restrukturalizacni-forum-2017/prednasejici/#richter">Tomáš Richter</a> (Clifford Chance, člen TMA)<br />
Jaroslav Schönfeld (Česká spořitelna, člen TMA) <a href="http://turnaround.cz/restrukturalizacni-forum-2017/wp-content/uploads/sites/6/2016/09/6_Pouziti_moratoriua_v_praxi.pdf">prezentace</a></td>
</tr>
<tr>
<td>15:15 &#8211; 15:30</td>
<td><strong>Závěrečné slovo</strong><br />
Miroslav Singer (Generali CEE Holding, VŠE, člen TMA)</td>
</tr>
<tr>
<td>15:30 – 17:00</td>
<td>Představení knih členů TMA s následnou autogramiádou<br />
Miroslav Singer &#8211; Jak shodit kila a oslabit korunu<br />
Petr Karásek &#8211; Léčení firem v krizi</p>
<p>Neformální diskuze, sklenka vína</td>
</tr>
</tbody>
</table>

<p>Čas Program 8:30 &#8211; 9:00 Registrace účastníků, snídaně 9:00 &#8211; 9:05 Úvod a představení Turnaround Management Association Petr Smutný – předseda TMA David Plch – místopředseda TMA 9:05 – 9:30 Ceny rezidenčních nemovitostí v ČR a spotřebitelská inflace Problém a možné řešení Mojmír Hampl (viceguvernér ČNB) prezentace 9:30 &#8211; 10:30 Restrukturalizace: Nenaplnitelná očekávání Úvod do&#8230;  <a class="excerpt-read-more" href="https://turnaround.cz/restrukturalizacni-forum-2017/program/" title="Read Program">Read more &raquo;</a></p>
